{"id":192,"date":"2023-06-26T14:56:59","date_gmt":"2023-06-26T14:56:59","guid":{"rendered":"https:\/\/www.eineweltgruppe.ch\/suedafrika\/?page_id=192"},"modified":"2023-09-11T08:09:35","modified_gmt":"2023-09-11T08:09:35","slug":"ueber-uns","status":"publish","type":"page","link":"https:\/\/www.eineweltgruppe.ch\/suedafrika\/ueber-uns\/","title":{"rendered":"\u00dcber uns"},"content":{"rendered":"\n<p><strong>Mitglieder&nbsp;EINE WELT-Gruppe<\/strong><\/p>\n\n\n\n<p><strong>Vorstand<\/strong><br>Claudia Christen, Pr\u00e4sidentin<br>Barbara Schweizer,&nbsp;Finanzen<br>Cornelia Jansen, Aktuarin<br><\/p>\n\n\n\n<p><strong>Vertreter der Kirchgemeinden<\/strong><br>Peter Leuenberger, reformierter Pfarrer<br>Conny Imboden, katholische Mitarbeiterin Seelsorge \/ Kathechese<\/p>\n\n\n\n<p class=\"has-background-background-color has-background\">Selina D\u00f6rig <br>Lufuno D\u00f6rig<br>Annar\u00f6s Weisskopf<br>Jeannette Zeiger<br>Francis Zeiger<\/p>\n\n\n\n<p>Wir freuen uns \u00fcber neue Mitarbeiter*innen in der Arbeitsgruppe oder als Unterst\u00fctzung beim Suppentag oder bei der \u00f6kumenischen Kampagne &#8222;Partner sein&#8220; von Fastenaktion und HEKS \/ Brot f\u00fcr alle.<\/p>\n\n\n\n<p><strong>Kontakt<\/strong><br>info@eineweltgruppe.ch<\/p>\n","protected":false},"excerpt":{"rendered":"<p>Mitglieder&nbsp;EINE WELT-Gruppe VorstandClaudia Christen, Pr\u00e4sidentinBarbara Schweizer,&nbsp;FinanzenCornelia Jansen, Aktuarin Vertreter der KirchgemeindenPeter Leuenberger, reformierter PfarrerConny Imboden, katholische Mitarbeiterin Seelsorge \/ Kathechese Selina D\u00f6rig Lufuno D\u00f6rigAnnar\u00f6s WeisskopfJeannette ZeigerFrancis Zeiger Wir freuen uns \u00fcber neue Mitarbeiter*innen in der Arbeitsgruppe oder als Unterst\u00fctzung beim Suppentag oder bei der \u00f6kumenischen Kampagne &#8222;Partner sein&#8220; von Fastenaktion und HEKS \/ Brot f\u00fcr [&hellip;]<\/p>\n","protected":false},"author":1,"featured_media":0,"parent":0,"menu_order":0,"comment_status":"closed","ping_status":"closed","template":"","meta":{"footnotes":""},"class_list":["post-192","page","type-page","status-publish","hentry"],"_links":{"self":[{"href":"https:\/\/www.eineweltgruppe.ch\/suedafrika\/wp-json\/wp\/v2\/pages\/192","targetHints":{"allow":["GET"]}}],"collection":[{"href":"https:\/\/www.eineweltgruppe.ch\/suedafrika\/wp-json\/wp\/v2\/pages"}],"about":[{"href":"https:\/\/www.eineweltgruppe.ch\/suedafrika\/wp-json\/wp\/v2\/types\/page"}],"author":[{"embeddable":true,"href":"https:\/\/www.eineweltgruppe.ch\/suedafrika\/wp-json\/wp\/v2\/users\/1"}],"replies":[{"embeddable":true,"href":"https:\/\/www.eineweltgruppe.ch\/suedafrika\/wp-json\/wp\/v2\/comments?post=192"}],"version-history":[{"count":10,"href":"https:\/\/www.eineweltgruppe.ch\/suedafrika\/wp-json\/wp\/v2\/pages\/192\/revisions"}],"predecessor-version":[{"id":340,"href":"https:\/\/www.eineweltgruppe.ch\/suedafrika\/wp-json\/wp\/v2\/pages\/192\/revisions\/340"}],"wp:attachment":[{"href":"https:\/\/www.eineweltgruppe.ch\/suedafrika\/wp-json\/wp\/v2\/media?parent=192"}],"curies":[{"name":"wp","href":"https:\/\/api.w.org\/{rel}","templated":true}]}}

Über uns

<p><strong>Mitglieder&nbsp;EINE WELT-Gruppe</strong></p>



<p><strong>Vorstand</strong><br>Claudia Christen, Präsidentin<br>Barbara Schweizer,&nbsp;Finanzen<br>Cornelia Jansen, Aktuarin<br></p>



<p><strong>Vertreter der Kirchgemeinden</strong><br>Peter Leuenberger, reformierter Pfarrer<br>Conny Imboden, katholische Mitarbeiterin Seelsorge / Kathechese</p>



<p class="has-background-background-color has-background">Selina Dörig <br>Lufuno Dörig<br>Annarös Weisskopf<br>Jeannette Zeiger<br>Francis Zeiger</p>



<p>Wir freuen uns über neue Mitarbeiter*innen in der Arbeitsgruppe oder als Unterstützung beim Suppentag oder bei der ökumenischen Kampagne &#8222;Partner sein&#8220; von Fastenaktion und HEKS / Brot für alle.</p>



<p><strong>Kontakt</strong><br>info@eineweltgruppe.ch</p>

<p>Mitglieder&nbsp;EINE WELT-Gruppe VorstandClaudia Christen, PräsidentinBarbara Schweizer,&nbsp;FinanzenCornelia Jansen, Aktuarin Vertreter der KirchgemeindenPeter Leuenberger, reformierter PfarrerConny Imboden, katholische Mitarbeiterin Seelsorge / Kathechese Selina Dörig Lufuno DörigAnnarös WeisskopfJeannette ZeigerFrancis Zeiger Wir freuen uns über neue Mitarbeiter*innen in der Arbeitsgruppe oder als Unterstützung beim Suppentag oder bei der ökumenischen Kampagne &#8222;Partner sein&#8220; von Fastenaktion und HEKS / Brot für [&hellip;]</p>
