{"id":37,"date":"2023-06-19T14:39:17","date_gmt":"2023-06-19T14:39:17","guid":{"rendered":"https:\/\/www.eineweltgruppe.ch\/?page_id=37"},"modified":"2023-09-06T16:18:49","modified_gmt":"2023-09-06T16:18:49","slug":"santa-teresa-nicaragua","status":"publish","type":"page","link":"https:\/\/www.eineweltgruppe.ch\/suedafrika\/santa-teresa-nicaragua\/","title":{"rendered":"Verein Partnerschaft mit Santa Teresa Nicaragua"},"content":{"rendered":"\n<div class=\"wp-block-group is-nowrap is-layout-flex wp-container-core-group-is-layout-6c531013 wp-block-group-is-layout-flex\">\n<figure class=\"wp-block-table\"><table><tbody><tr><td><strong>Santa Teresa, Nicaragua<\/strong><strong><br><\/strong><br>Wir unterst\u00fctzen den Verein \u201eSanta Teresa\u201c mit Sitz in Birsfelden, der f\u00fcr den Betrieb einer Schule&nbsp; in Santa Teresa, Nicaragua, sorgt.<br><br>Die Schule und der Kindergarten sind f\u00fcr Kinder, die sonst keine M\u00f6glichkeit zur Ausbildung haben. <strong><br><\/strong><strong><br><\/strong> Der Verein finanziert die L\u00f6hne der Lehrer und Lehrerinnen, <strong><br><\/strong><br>sowie eine t\u00e4gliche Mahlzeit f\u00fcr die Kinder. <\/td><td><\/td><\/tr><tr><td>&nbsp; <a href=\"http:\/\/www.schule-santateresa.ch\"><strong>www.schule-santateresa.ch<\/strong><\/a><\/td><td><\/td><\/tr><\/tbody><\/table><\/figure>\n<\/div>\n\n\n\n<figure class=\"wp-block-image size-full\"><img loading=\"lazy\" decoding=\"async\" width=\"945\" height=\"708\" src=\"https:\/\/www.eineweltgruppe.ch\/wp-content\/uploads\/2023\/06\/image.png\" alt=\"\" class=\"wp-image-38\" srcset=\"https:\/\/www.eineweltgruppe.ch\/wp-content\/uploads\/2023\/06\/image.png 945w, https:\/\/www.eineweltgruppe.ch\/wp-content\/uploads\/2023\/06\/image-300x225.png 300w, https:\/\/www.eineweltgruppe.ch\/wp-content\/uploads\/2023\/06\/image-768x575.png 768w\" sizes=\"auto, (max-width: 945px) 100vw, 945px\" \/><\/figure>\n","protected":false},"excerpt":{"rendered":"<p>Santa Teresa, NicaraguaWir unterst\u00fctzen den Verein \u201eSanta Teresa\u201c mit Sitz in Birsfelden, der f\u00fcr den Betrieb einer Schule&nbsp; in Santa Teresa, Nicaragua, sorgt. Die Schule und der Kindergarten sind f\u00fcr Kinder, die sonst keine M\u00f6glichkeit zur Ausbildung haben. Der Verein finanziert die L\u00f6hne der Lehrer und Lehrerinnen, sowie eine t\u00e4gliche Mahlzeit f\u00fcr die Kinder. &nbsp; [&hellip;]<\/p>\n","protected":false},"author":1,"featured_media":0,"parent":0,"menu_order":0,"comment_status":"closed","ping_status":"closed","template":"","meta":{"footnotes":""},"class_list":["post-37","page","type-page","status-publish","hentry"],"_links":{"self":[{"href":"https:\/\/www.eineweltgruppe.ch\/suedafrika\/wp-json\/wp\/v2\/pages\/37","targetHints":{"allow":["GET"]}}],"collection":[{"href":"https:\/\/www.eineweltgruppe.ch\/suedafrika\/wp-json\/wp\/v2\/pages"}],"about":[{"href":"https:\/\/www.eineweltgruppe.ch\/suedafrika\/wp-json\/wp\/v2\/types\/page"}],"author":[{"embeddable":true,"href":"https:\/\/www.eineweltgruppe.ch\/suedafrika\/wp-json\/wp\/v2\/users\/1"}],"replies":[{"embeddable":true,"href":"https:\/\/www.eineweltgruppe.ch\/suedafrika\/wp-json\/wp\/v2\/comments?post=37"}],"version-history":[{"count":7,"href":"https:\/\/www.eineweltgruppe.ch\/suedafrika\/wp-json\/wp\/v2\/pages\/37\/revisions"}],"predecessor-version":[{"id":305,"href":"https:\/\/www.eineweltgruppe.ch\/suedafrika\/wp-json\/wp\/v2\/pages\/37\/revisions\/305"}],"wp:attachment":[{"href":"https:\/\/www.eineweltgruppe.ch\/suedafrika\/wp-json\/wp\/v2\/media?parent=37"}],"curies":[{"name":"wp","href":"https:\/\/api.w.org\/{rel}","templated":true}]}}