{"id":67,"date":"2023-06-19T14:40:27","date_gmt":"2023-06-19T14:40:27","guid":{"rendered":"https:\/\/www.eineweltgruppe.ch\/?page_id=67"},"modified":"2023-07-06T16:22:30","modified_gmt":"2023-07-06T16:22:30","slug":"willkommen","status":"publish","type":"page","link":"https:\/\/www.eineweltgruppe.ch\/suedafrika\/willkommen\/","title":{"rendered":"Willkommen"},"content":{"rendered":"\n<p>Die \u00f6kumenische Arbeitsgruppe<strong> EINE WELT<\/strong> ist aus dem Engagement der r\u00f6misch-katholischen und der reformierten Kirchgemeinden Frenkendorf-F\u00fcllinsdorf gewachsen.<\/p>\n\n\n\n<p>Unsere <strong>Vision<\/strong> ist, dass ein Leben in W\u00fcrde, in sozialer, wirtschaftlicher und politischer Sicherheit, f\u00fcr alle Menschen m\u00f6glich ist.&nbsp;Als Christinnen und Christen stellen wir Hoffnung gegen Resignation. Wir setzen uns gemeinsam \u00fcber Konfessionsgrenzen hinweg f\u00fcr Menschen am Rande der Gesellschaft ein.<\/p>\n\n\n\n<p><\/p>\n\n\n\n<p>Frauen, Kinder und Jugendliche spielen eine wichtige Rolle im globalisierten Entwicklungsprozess. Unser <strong>Grundprinzip <\/strong>ist, diese Anspruchsgruppen mit unserer Hilfe zur Selbsthilfe besonders zu unterst\u00fctzen. Wir bem\u00fchen uns, unsere Vision in eine breitere \u00d6ffentlichkeit zu tragen. Wir m\u00f6chten Menschen sensibilisieren f\u00fcr <strong>EINE WELT<\/strong>, in der alle gleichberechtigt Platz haben und in W\u00fcrde leben k\u00f6nnen.<\/p>\n\n\n\n<p>Globalisierung signalisiert, dass die Welt wirtschaftlich zusammengewachsen ist. <strong>EINE WELT<\/strong> in unserem Sinne bedeutet, dass mit der Globalisierung auch eine <strong>solidarische Verantwortung <\/strong>auf allen Ebenen verbunden ist. &nbsp;&nbsp;&nbsp;&nbsp;&nbsp;&nbsp;&nbsp;&nbsp;&nbsp;&nbsp;&nbsp;&nbsp;&nbsp;&nbsp;&nbsp;&nbsp;&nbsp;&nbsp;&nbsp;&nbsp;&nbsp;&nbsp;&nbsp;&nbsp;&nbsp;&nbsp;&nbsp;&nbsp;&nbsp;&nbsp;&nbsp;&nbsp;&nbsp;&nbsp;&nbsp;&nbsp;&nbsp;&nbsp;&nbsp;&nbsp;&nbsp;&nbsp;&nbsp;&nbsp;&nbsp;<\/p>\n\n\n\n<p><strong>Unser Engagement<\/strong><br><\/p>\n\n\n\n<p><\/p>\n\n\n\n<p>Wir f\u00f6rdern Projekte auf verschiedenen Kontinenten und unterst\u00fctzen damit insbesondere Frauen, Kinder und Jugendliche in ihren Bestrebungen nach Freiheit, Gesundheit, Ausbildung und finanzieller Unabh\u00e4ngigkeit<br><\/p>\n\n\n\n<p>Wir engagieren uns an zwei Suppentagen, durchgef\u00fchrt von den reformierten und katholischen Kirchgemeinden. <\/p>\n\n\n\n<p>Die EINE WELT Gruppe ist f\u00fcr die Aktion Fastenaktion\/HEKS-Agenden der beiden Kirchgemeinden zust\u00e4ndig. Dabei wird die \u00f6kumenischen Kampagne &#8222;Partner sein&#8220; von Fastenaktion und HEKS \/ Brot f\u00fcr alle. unterst\u00fctzt. Mit Hilfe von vielen Freiwilligen werden die Couverts etikettiert, die Agenden eingepackt und in Frenkendorf und F\u00fcllinsdorf in die Haushalte verteilt.  <\/p>\n\n\n\n<p> &nbsp; &nbsp; &nbsp; &nbsp; &nbsp; &nbsp; &nbsp; &nbsp; &nbsp; &nbsp; &nbsp; &nbsp; &nbsp; &nbsp; &nbsp; &nbsp; &nbsp; &nbsp; &nbsp; &nbsp; &nbsp; &nbsp; &nbsp; &nbsp; &nbsp; &nbsp; &nbsp; &nbsp; &nbsp; &nbsp; &nbsp; &nbsp;<\/p>\n\n\n\n<p><\/p>\n","protected":false},"excerpt":{"rendered":"<p>Die \u00f6kumenische Arbeitsgruppe EINE WELT ist aus dem Engagement der r\u00f6misch-katholischen und der reformierten Kirchgemeinden Frenkendorf-F\u00fcllinsdorf gewachsen. Unsere Vision ist, dass ein Leben in W\u00fcrde, in sozialer, wirtschaftlicher und politischer Sicherheit, f\u00fcr alle Menschen m\u00f6glich ist.&nbsp;Als Christinnen und Christen stellen wir Hoffnung gegen Resignation. Wir setzen uns gemeinsam \u00fcber Konfessionsgrenzen hinweg f\u00fcr Menschen am Rande [&hellip;]<\/p>\n","protected":false},"author":1,"featured_media":0,"parent":0,"menu_order":0,"comment_status":"closed","ping_status":"closed","template":"","meta":{"footnotes":""},"class_list":["post-67","page","type-page","status-publish","hentry"],"_links":{"self":[{"href":"https:\/\/www.eineweltgruppe.ch\/suedafrika\/wp-json\/wp\/v2\/pages\/67","targetHints":{"allow":["GET"]}}],"collection":[{"href":"https:\/\/www.eineweltgruppe.ch\/suedafrika\/wp-json\/wp\/v2\/pages"}],"about":[{"href":"https:\/\/www.eineweltgruppe.ch\/suedafrika\/wp-json\/wp\/v2\/types\/page"}],"author":[{"embeddable":true,"href":"https:\/\/www.eineweltgruppe.ch\/suedafrika\/wp-json\/wp\/v2\/users\/1"}],"replies":[{"embeddable":true,"href":"https:\/\/www.eineweltgruppe.ch\/suedafrika\/wp-json\/wp\/v2\/comments?post=67"}],"version-history":[{"count":19,"href":"https:\/\/www.eineweltgruppe.ch\/suedafrika\/wp-json\/wp\/v2\/pages\/67\/revisions"}],"predecessor-version":[{"id":294,"href":"https:\/\/www.eineweltgruppe.ch\/suedafrika\/wp-json\/wp\/v2\/pages\/67\/revisions\/294"}],"wp:attachment":[{"href":"https:\/\/www.eineweltgruppe.ch\/suedafrika\/wp-json\/wp\/v2\/media?parent=67"}],"curies":[{"name":"wp","href":"https:\/\/api.w.org\/{rel}","templated":true}]}}

<p>Die ökumenische Arbeitsgruppe<strong> EINE WELT</strong> ist aus dem Engagement der römisch-katholischen und der reformierten Kirchgemeinden Frenkendorf-Füllinsdorf gewachsen.</p>



<p>Unsere <strong>Vision</strong> ist, dass ein Leben in Würde, in sozialer, wirtschaftlicher und politischer Sicherheit, für alle Menschen möglich ist.&nbsp;Als Christinnen und Christen stellen wir Hoffnung gegen Resignation. Wir setzen uns gemeinsam über Konfessionsgrenzen hinweg für Menschen am Rande der Gesellschaft ein.</p>



<p></p>



<p>Frauen, Kinder und Jugendliche spielen eine wichtige Rolle im globalisierten Entwicklungsprozess. Unser <strong>Grundprinzip </strong>ist, diese Anspruchsgruppen mit unserer Hilfe zur Selbsthilfe besonders zu unterstützen. Wir bemühen uns, unsere Vision in eine breitere Öffentlichkeit zu tragen. Wir möchten Menschen sensibilisieren für <strong>EINE WELT</strong>, in der alle gleichberechtigt Platz haben und in Würde leben können.</p>



<p>Globalisierung signalisiert, dass die Welt wirtschaftlich zusammengewachsen ist. <strong>EINE WELT</strong> in unserem Sinne bedeutet, dass mit der Globalisierung auch eine <strong>solidarische Verantwortung </strong>auf allen Ebenen verbunden ist. &nbsp;&nbsp;&nbsp;&nbsp;&nbsp;&nbsp;&nbsp;&nbsp;&nbsp;&nbsp;&nbsp;&nbsp;&nbsp;&nbsp;&nbsp;&nbsp;&nbsp;&nbsp;&nbsp;&nbsp;&nbsp;&nbsp;&nbsp;&nbsp;&nbsp;&nbsp;&nbsp;&nbsp;&nbsp;&nbsp;&nbsp;&nbsp;&nbsp;&nbsp;&nbsp;&nbsp;&nbsp;&nbsp;&nbsp;&nbsp;&nbsp;&nbsp;&nbsp;&nbsp;&nbsp;</p>



<p><strong>Unser Engagement</strong><br></p>



<p></p>



<p>Wir fördern Projekte auf verschiedenen Kontinenten und unterstützen damit insbesondere Frauen, Kinder und Jugendliche in ihren Bestrebungen nach Freiheit, Gesundheit, Ausbildung und finanzieller Unabhängigkeit<br></p>



<p>Wir engagieren uns an zwei Suppentagen, durchgeführt von den reformierten und katholischen Kirchgemeinden. </p>



<p>Die EINE WELT Gruppe ist für die Aktion Fastenaktion/HEKS-Agenden der beiden Kirchgemeinden zuständig. Dabei wird die ökumenischen Kampagne &#8222;Partner sein&#8220; von Fastenaktion und HEKS / Brot für alle. unterstützt. Mit Hilfe von vielen Freiwilligen werden die Couverts etikettiert, die Agenden eingepackt und in Frenkendorf und Füllinsdorf in die Haushalte verteilt.  </p>



<p> &nbsp; &nbsp; &nbsp; &nbsp; &nbsp; &nbsp; &nbsp; &nbsp; &nbsp; &nbsp; &nbsp; &nbsp; &nbsp; &nbsp; &nbsp; &nbsp; &nbsp; &nbsp; &nbsp; &nbsp; &nbsp; &nbsp; &nbsp; &nbsp; &nbsp; &nbsp; &nbsp; &nbsp; &nbsp; &nbsp; &nbsp; &nbsp;</p>



<p></p>

<p>Die ökumenische Arbeitsgruppe EINE WELT ist aus dem Engagement der römisch-katholischen und der reformierten Kirchgemeinden Frenkendorf-Füllinsdorf gewachsen. Unsere Vision ist, dass ein Leben in Würde, in sozialer, wirtschaftlicher und politischer Sicherheit, für alle Menschen möglich ist.&nbsp;Als Christinnen und Christen stellen wir Hoffnung gegen Resignation. Wir setzen uns gemeinsam über Konfessionsgrenzen hinweg für Menschen am Rande [&hellip;]</p>
