{"id":75,"date":"2023-06-19T14:39:51","date_gmt":"2023-06-19T14:39:51","guid":{"rendered":"https:\/\/www.eineweltgruppe.ch\/?page_id=75"},"modified":"2026-01-12T13:08:48","modified_gmt":"2026-01-12T13:08:48","slug":"suppentag-fastenzeit","status":"publish","type":"page","link":"https:\/\/www.eineweltgruppe.ch\/suedafrika\/suppentag-fastenzeit\/","title":{"rendered":"Suppentage"},"content":{"rendered":"\n<p class=\"has-text-align-left has-x-large-font-size\"><\/p>\n\n\n\n<figure class=\"wp-block-image alignright size-full is-resized\"><img loading=\"lazy\" decoding=\"async\" width=\"306\" height=\"568\" src=\"https:\/\/www.eineweltgruppe.ch\/wp-content\/uploads\/2023\/06\/Suppentag-2.jpg\" alt=\"\" class=\"wp-image-211\" style=\"width:147px;height:273px\" srcset=\"https:\/\/www.eineweltgruppe.ch\/wp-content\/uploads\/2023\/06\/Suppentag-2.jpg 306w, https:\/\/www.eineweltgruppe.ch\/wp-content\/uploads\/2023\/06\/Suppentag-2-162x300.jpg 162w\" sizes=\"auto, (max-width: 306px) 100vw, 306px\" \/><\/figure>\n\n\n\n<figure class=\"wp-block-image size-large\"><img loading=\"lazy\" decoding=\"async\" width=\"1024\" height=\"268\" src=\"https:\/\/www.eineweltgruppe.ch\/wp-content\/uploads\/2023\/06\/Suppentag1-1024x268.jpg\" alt=\"\" class=\"wp-image-210\" srcset=\"https:\/\/www.eineweltgruppe.ch\/wp-content\/uploads\/2023\/06\/Suppentag1-1024x268.jpg 1024w, https:\/\/www.eineweltgruppe.ch\/wp-content\/uploads\/2023\/06\/Suppentag1-300x78.jpg 300w, https:\/\/www.eineweltgruppe.ch\/wp-content\/uploads\/2023\/06\/Suppentag1-768x201.jpg 768w, https:\/\/www.eineweltgruppe.ch\/wp-content\/uploads\/2023\/06\/Suppentag1-1536x402.jpg 1536w, https:\/\/www.eineweltgruppe.ch\/wp-content\/uploads\/2023\/06\/Suppentag1.jpg 1548w\" sizes=\"auto, (max-width: 1024px) 100vw, 1024px\" \/><\/figure>\n\n\n\n<p class=\"has-large-font-size\"><\/p>\n\n\n\n<p class=\"has-x-large-font-size\"><strong>Suppentag Fr\u00fchling<\/strong><\/p>\n\n\n\n<p class=\"has-large-font-size\">21. M\u00e4rz 2026 12.00<\/p>\n\n\n\n<p><\/p>\n\n\n\n<p class=\"has-large-font-size\">Am 4. Samstag nach Aschenmittwoch findet das \u00f6kumenische Kampagnenwochenende in Zusammenarbeit mit &#8222;Partner sein&#8220; statt. Der Erl\u00f6s dieses Suppentages kommt vollumf\u00e4nglich der Fastenaktion zugute.<\/p>\n\n\n\n<p class=\"has-large-font-size\"><strong>Suppentag Herbst<\/strong><\/p>\n\n\n\n<p class=\"has-large-font-size\">29. November 2025<\/p>\n\n\n\n<p class=\"has-x-large-font-size\">&#8212;<\/p>\n\n\n\n<p><\/p>\n\n\n\n<p><\/p>\n\n\n\n<p><\/p>\n\n\n\n<p><\/p>\n\n\n\n<p><\/p>\n\n\n\n<figure class=\"wp-block-image size-large\"><img loading=\"lazy\" decoding=\"async\" width=\"732\" height=\"1024\" src=\"http:\/\/www.eineweltgruppe.ch\/wp-content\/uploads\/2023\/09\/suppe2-732x1024.png\" alt=\"\" class=\"wp-image-315\" srcset=\"https:\/\/www.eineweltgruppe.ch\/wp-content\/uploads\/2023\/09\/suppe2-732x1024.png 732w, https:\/\/www.eineweltgruppe.ch\/wp-content\/uploads\/2023\/09\/suppe2-215x300.png 215w, https:\/\/www.eineweltgruppe.ch\/wp-content\/uploads\/2023\/09\/suppe2-768x1074.png 768w, https:\/\/www.eineweltgruppe.ch\/wp-content\/uploads\/2023\/09\/suppe2.png 990w\" sizes=\"auto, (max-width: 732px) 100vw, 732px\" \/><\/figure>\n","protected":false},"excerpt":{"rendered":"<p>Suppentag Fr\u00fchling 21. M\u00e4rz 2026 12.00 Am 4. Samstag nach Aschenmittwoch findet das \u00f6kumenische Kampagnenwochenende in Zusammenarbeit mit &#8222;Partner sein&#8220; statt. Der Erl\u00f6s dieses Suppentages kommt vollumf\u00e4nglich der Fastenaktion zugute. Suppentag Herbst 29. November 2025 &#8212;<\/p>\n","protected":false},"author":1,"featured_media":0,"parent":0,"menu_order":0,"comment_status":"closed","ping_status":"closed","template":"","meta":{"footnotes":""},"class_list":["post-75","page","type-page","status-publish","hentry"],"_links":{"self":[{"href":"https:\/\/www.eineweltgruppe.ch\/suedafrika\/wp-json\/wp\/v2\/pages\/75","targetHints":{"allow":["GET"]}}],"collection":[{"href":"https:\/\/www.eineweltgruppe.ch\/suedafrika\/wp-json\/wp\/v2\/pages"}],"about":[{"href":"https:\/\/www.eineweltgruppe.ch\/suedafrika\/wp-json\/wp\/v2\/types\/page"}],"author":[{"embeddable":true,"href":"https:\/\/www.eineweltgruppe.ch\/suedafrika\/wp-json\/wp\/v2\/users\/1"}],"replies":[{"embeddable":true,"href":"https:\/\/www.eineweltgruppe.ch\/suedafrika\/wp-json\/wp\/v2\/comments?post=75"}],"version-history":[{"count":45,"href":"https:\/\/www.eineweltgruppe.ch\/suedafrika\/wp-json\/wp\/v2\/pages\/75\/revisions"}],"predecessor-version":[{"id":378,"href":"https:\/\/www.eineweltgruppe.ch\/suedafrika\/wp-json\/wp\/v2\/pages\/75\/revisions\/378"}],"wp:attachment":[{"href":"https:\/\/www.eineweltgruppe.ch\/suedafrika\/wp-json\/wp\/v2\/media?parent=75"}],"curies":[{"name":"wp","href":"https:\/\/api.w.org\/{rel}","templated":true}]}}

<p class="has-text-align-left has-x-large-font-size"></p>



<figure class="wp-block-image alignright size-full is-resized"><img loading="lazy" decoding="async" width="306" height="568" src="https://www.eineweltgruppe.ch/wp-content/uploads/2023/06/Suppentag-2.jpg" alt="" class="wp-image-211" style="width:147px;height:273px" srcset="https://www.eineweltgruppe.ch/wp-content/uploads/2023/06/Suppentag-2.jpg 306w, https://www.eineweltgruppe.ch/wp-content/uploads/2023/06/Suppentag-2-162x300.jpg 162w" sizes="auto, (max-width: 306px) 100vw, 306px" /></figure>



<figure class="wp-block-image size-large"><img loading="lazy" decoding="async" width="1024" height="268" src="https://www.eineweltgruppe.ch/wp-content/uploads/2023/06/Suppentag1-1024x268.jpg" alt="" class="wp-image-210" srcset="https://www.eineweltgruppe.ch/wp-content/uploads/2023/06/Suppentag1-1024x268.jpg 1024w, https://www.eineweltgruppe.ch/wp-content/uploads/2023/06/Suppentag1-300x78.jpg 300w, https://www.eineweltgruppe.ch/wp-content/uploads/2023/06/Suppentag1-768x201.jpg 768w, https://www.eineweltgruppe.ch/wp-content/uploads/2023/06/Suppentag1-1536x402.jpg 1536w, https://www.eineweltgruppe.ch/wp-content/uploads/2023/06/Suppentag1.jpg 1548w" sizes="auto, (max-width: 1024px) 100vw, 1024px" /></figure>



<p class="has-large-font-size"></p>



<p class="has-x-large-font-size"><strong>Suppentag Frühling</strong></p>



<p class="has-large-font-size">21. März 2026 12.00</p>



<p></p>



<p class="has-large-font-size">Am 4. Samstag nach Aschenmittwoch findet das ökumenische Kampagnenwochenende in Zusammenarbeit mit &#8222;Partner sein&#8220; statt. Der Erlös dieses Suppentages kommt vollumfänglich der Fastenaktion zugute.</p>



<p class="has-large-font-size"><strong>Suppentag Herbst</strong></p>



<p class="has-large-font-size">29. November 2025</p>



<p class="has-x-large-font-size">&#8212;</p>



<p></p>



<p></p>



<p></p>



<p></p>



<p></p>



<figure class="wp-block-image size-large"><img loading="lazy" decoding="async" width="732" height="1024" src="http://www.eineweltgruppe.ch/wp-content/uploads/2023/09/suppe2-732x1024.png" alt="" class="wp-image-315" srcset="https://www.eineweltgruppe.ch/wp-content/uploads/2023/09/suppe2-732x1024.png 732w, https://www.eineweltgruppe.ch/wp-content/uploads/2023/09/suppe2-215x300.png 215w, https://www.eineweltgruppe.ch/wp-content/uploads/2023/09/suppe2-768x1074.png 768w, https://www.eineweltgruppe.ch/wp-content/uploads/2023/09/suppe2.png 990w" sizes="auto, (max-width: 732px) 100vw, 732px" /></figure>

<p>Suppentag Frühling 21. März 2026 12.00 Am 4. Samstag nach Aschenmittwoch findet das ökumenische Kampagnenwochenende in Zusammenarbeit mit &#8222;Partner sein&#8220; statt. Der Erlös dieses Suppentages kommt vollumfänglich der Fastenaktion zugute. Suppentag Herbst 29. November 2025 &#8212;</p>
